2 + 3*w + 34. What is y(-3)?
88
Let x(d) = d**3 + 62*d**2 - 2972*d + 6358. What is x(30)?
-2
Let r(s) = 9835*s - 2458777. What is r(250)?
-27
Let x(y) = 19*y**3 + 171*y**2 - 61*y - 538. Calculate x(-9).
11
Let r(t) = 2*t**2 + 480*t + 5894. Calculate r(-13).
-8
Let s(h) = -5938690*h + 5938692. Give s(1).
2
Let i(n) = 23*n**3 - 394*n**2 + 98*n - 385. Calculate i(17).
414
Let v(k) = -24*k**2 + 1878*k - 462. Determine v(78).
6
Let t(v) = -10*v**2 + 162*v - 1097. Give t(12).
-593
Let c(l) = 4*l**3 - 252*l**2 - 511*l + 12. Determine c(-2).
-6
Let i(t) = 30493*t + 1128256. Calculate i(-37).
15
Let z(s) = 41895*s + 209477. Calculate z(-5).
2
Let a(u) = 2166*u - 119099. What is a(55)?
31
Let v(l) = -369*l**2 + 10365*l + 25. Calculate v(28).
949
Let p(y) = -544182*y + 2176725. Determine p(4).
-3
Let j(q) = -2514*q - 318322. What is j(-127)?
956
Let v(c) = c**3 - 3*c**2 - 98*c + 64. Give v(11).
-46
Let i(w) = 19*w**3 - 19*w**2 - 463*w - 445. What is i(-1)?
-20
Let r(q) = q**3 - 43*q**2 - 125*q + 3521. Calculate r(44).
-43
Let h(z) = 3*z**3 + 15*z**2 - 76*z - 351. Give h(-4).
1
Let f(d) = d**3 - 1085*d**2 - 8695*d + 396. What is f(-8)?
4
Let j(o) = 2204*o**3 + 3*o**2 - 466*o - 469. Calculate j(-1).
-2204
Let b(d) = 22*d**2 - 2774*d - 290. Calculate b(126).
-542
Let a(t) = 2*t**3 + 504*t**2 + 29304*t + 167. What is a(-161)?
-155
Let p(t) = -5*t**3 - 10*t**2 + 68*t + 76. Determine p(-1).
3
Let c(b) = -3993*b - 403411. Determine c(-101).
-118
Let k(b) = 137*b**2 + 3552*b - 91. Calculate k(-26).
169
Let n(r) = -58*r**2 - 4189*r - 16631. Determine n(-68).
29
Let z(s) = s**2 - 1745*s - 49629. Give z(-28).
15
Let i(c) = -15*c**2 - 521*c - 3707. Determine i(-10).
3
Let y(s) = 128*s + 8670. What is y(-63)?
606
Let j(g) = -6*g**2 - 802*g - 307. Determine j(-133).
225
Let r(a) = -9883*a + 59334. Give r(6).
36
Let w(p) = 2835*p**2 - 11250*p - 19. What is w(4)?
341
Let o(z) = -721*z**3 + 153*z**2 + 306*z + 3. Give o(-2).
5771
Let p(g) = -g**2 + 54709*g - 328219. Calculate p(6).
-1
Let r(p) = -p**3 + 7*p**2 + 199434*p - 1595402. Determine r(8).
6
Let b(n) = -2*n**2 + 279368*n - 35. Calculate b(0).
-35
Let r(k) = k**3 + 145*k**2 - 172*k + 17651. Calculate r(-147).
-283
Let h(x) = -2*x**2 + 7467*x + 625748. What is h(-82)?
6
Let j(o) = -277*o**2 - 26286*o - 122. Calculate j(-95).
-2877
Let v(r) = -180*r + 371. Give v(-12).
2531
Let d(u) = u**3 - 61*u**2 + 55*u + 119. Determine d(60).
-181
Let x(j) = -155*j**2 - 22630*j - 56. Determine x(-146).
-56
Let i(b) = -5*b**2 - 1222*b - 4130. Calculate i(-241).
-33
Let h(t) = -13854*t - 1385414. Calculate h(-100).
-14
Let u(m) = -2*m**3 - 103*m**2 - 180*m - 2203. Determine u(-50).
-703
Let c(b) = 174*b**3 + 14*b**2 - 19*b - 22. Determine c(2).
1388
Let p(c) = 353*c**2 + 1391*c - 25. Give p(-4).
59
Let c(q) = -77082*q + 1233560. Give c(16).
248
Let d(f) = 3*f**3 + 27*f**2 + 243*f - 4057. Give d(7).
-4
Let d(u) = -18*u**2 + 1002*u + 1408. Give d(57).
40
Let h(z) = -59*z**2 + 3837*z - 127. What is h(65)?
3
Let o(u) = -12797*u**2 - 115214*u + 4. Give o(-9).
373
Let x(k) = 72*k**3 + 61*k**2 + 132*k - 5. Give x(-2).
-601
Let z(q) = -657*q - 127490. Determine z(-194).
-32
Let l(k) = 3*k**2 - 2280*k + 6806. Give l(3).
-7
Let x(i) = 5*i**2 + 76*i + 286. Determine x(-7).
-1
Let j(a) = 817131*a - 6537037. Calculate j(8).
11
Let f(g) = g**3 + 105*g**2 - 29822*g + 486. What is f(-233)?
20
Let n(k) = 9868*k - 29807. What is n(3)?
-203
Let c(z) = 1981*z + 24810. Determine c(-12).
1038
Let j(g) = 4*g**2 + 314*g + 2651. Determine j(-68).
-205
Let s(m) = 6*m**3 - 163*m**2 + 8*m + 359. What is s(27)?
-154
Let s(g) = -30*g + 1069. Give s(30).
169
Let k(o) = -2116*o - 19724. Determine k(-8).
-2796
Let z(m) = -53*m + 14264. What is z(270)?
-46
Let b(l) = -2272*l + 154528. What is b(68)?
32
Let h(d) = 1470*d - 7372. What is h(5)?
-22
Let d(i) = -25213*i - 3781931. Calculate d(-150).
19
Let t(r) = 6239*r - 467932. Give t(75).
-7
Let g(b) = -60289*b + 422025. What is g(7)?
2
Let v(b) = 4*b**2 - 1452*b + 8006. Calculate v(354).
-4738
Let u(f) = -9*f**3 - 2*f**2 + 5*f + 52. What is u(4)?
-536
Let a(v) = -v**3 + 11*v**2 + 16*v - 10. Determine a(-6).
506
Let o(g) = -g**2 - 13357*g - 3687145. What is o(-282)?
5
Let b(u) = -u**3 - 43*u**2 - 318*u + 397. Calculate b(-33).
1
Let r(b) = -26*b**2 - 2684*b - 498. What is r(-103)?
120
Let g(p) = 5*p**2 - 205*p - 1883. Determine g(-25).
6367
Let r(f) = 24*f**2 + 298*f + 166. Calculate r(-12).
46
Let f(m) = 13*m**3 + 6*m**2 + 231*m + 222. What is f(-1)?
-16
Let c(l) = -9*l - 835. Determine c(-99).
56
Let x(i) = 6*i**3 - 210*i**2 - 1221*i + 102. Give x(-6).
-1428
Let b(c) = -2*c**2 - 468*c - 16550. Give b(-192).
-422
Let l(a) = -90*a**2 + 12*a - 17. Determine l(4).
-1409
Let f(u) = 2*u**2 + 12535*u - 301990. Give f(24).
2
Let n(v) = 4*v**3 + 460*v**2 - 251*v + 24716. Give n(-116).
8
Let h(s) = -811*s - 7062. What is h(-9)?
237
Let l(k) = -169*k + 2520. What is l(16)?
-184
Let u(m) = 2*m**2 - 8*m - 1781. What is u(41)?
1253
Let y(c) = -11*c**2 - 686*c - 243. Calculate y(-62).
5
Let h(a) = -19*a**2 - 17528*a - 130830. Give h(-915).
15
Let p(w) = -42*w + 1583. Calculate p(60).
-937
Let a(q) = -95*q + 2636. Give a(27).
71
Let p(t) = -t**3 - 496*t**2 - 3869*t + 9902. What is p(-10)?
-8
Let c(k) = -18801*k + 770835. Calculate c(41).
-6
Let p(h) = -523*h + 6796. What is p(13)?
-3
Let o(y) = 52*y**2 - 1144*y + 5704. Determine o(5).
1284
Let s(t) = -t**2 + 51*t - 219. Give s(31).
401
Let s(b) = 377*b**3 - 9*b**2 + 23*b + 28. Determine s(-1).
-381
Let y(k) = 147*k**2 + 19*k + 231. Calculate y(6).
5637
Let f(j) = -j**3 + 31*j**2 - 234*j + 3455. Calculate f(27).
53
Let n(j) = -97*j - 2994. What is n(-30)?
-84
Let c(s) = 7453*s + 469563. Determine c(-63).
24
Let n(k) = -7*k**2 + 191*k - 458. Calculate n(6).
436
Let i(u) = 3511*u + 1783559. What is i(-508)?
-29
Let a(m) = 59*m**2 - 41946*m - 86275. What is a(713)?
-2
Let q(u) = -169*u**2 + 14919*u + 14920. Determine q(-1).
-168
Let p(q) = -q**3 - 599*q**2 - 4730*q - 15. Give p(-8).
1
Let h(k) = -k**3 + 206*k**2 - 528*k + 25858. What is h(204)?
1378
Let z(v) = -v**2 - 44958*v - 14. Calculate z(0).
-14
Let f(i) = i**3 + 5863*i**2 - 23465*i - 7. Calculate f(4).
5
Let l(d) = 123*d**2 - 42*d - 63. What is l(1)?
18
Let a(n) = -13*n**2 + 461*n - 2314. Determine a(5).
-334
Let x(r) = -95*r**2 - 110*r + 26073. Determine x(16).
-7
Let i(r) = -280*r - 31279. Calculate i(-112).
81
Let u(p) = 485*p**2 - 11636*p - 103. Calculate u(24).
-7
Let g(o) = -o**3 + 36*o**2 - 74*o - 1205. Determine g(8).
-5
Let h(q) = -q**3 - 29*q**2 + 48*q + 767. Give h(-29).
-625
Let d(k) = 1272*k + 44324. Give d(-35).
-196
Let x(o) = 654*o + 35318. Calculate x(-54).
2
Let w(r) = -r**2 - 329*r + 7326. Calculate w(21).
-24
Let k(j) = -4*j**3 + 10*j**2 + 55*j + 245. Calculate k(-4).
441
Let g(j) = -j**2 - 355*j - 619. Calculate g(-5).
1131
Let r(b) = -19*b**2 - 370*b - 1668. What is r(-13)?
-69
Let a(t) = 49*t**2 - 114*t + 55. Give a(1).
-10
Let m(d) = -24*d**2 - 88*d + 4018. Calculate m(-16).
-718
Let c(l) = -73*l**2 - 804*l - 198. Give c(-11).
-187
Let r(z) = 166*z - 267. Give r(6).
729
Let b(l) = 11*l**2 + 215*l - 7. Calculate b(-18).
-313
Let j(n) = -n**2 - 734*n + 9402. Calculate j(13).
-309
Let g(a) = a**3 + 39*a**2 - 571*a - 20082. Determine g(-41).
-33
Let h(s) = 8*s - 2061. What is h(199)?
-469
Let a(j) = 112*j**2 + 53*j - 156. Determine a(3).
1011
Let f(l) = -2071*l + 30749. Give f(15).
-316
Let r(b) = -2*b**3 + 224*b**2 + 482*b - 2311. Give r(114).
653
Let m(v) = -479*v - 1553. Calculate m(-5).
842
Let d(i) = 591*i + 122344. Calculate d(-207).
7
Let y(p) = -195*p - 10047. Determine y(-58).
1263
Let r(l) = l**2 - 69*l + 364. Give r(59).
-226
Let j(g) = -30*g**2 + 10916*g - 185452. Give j(346).
4
Let b(n) = 1003*n - 154454. Determine b(154).
8
Let x(l) = -911*l - 4555. Calculate x(-5).
0
Let z(h) = -1256690*h - 5026784. Determine z(-4).
-24
Let w(p) = -3395*p - 129000. What is w(-38)?
10
Let k(n) = 1601*n + 47471. Calculate k(-32).
-3761
Let n(m) = 1064*m - 20146. Calculate n(20).
1134
Let l(d) = 6*d**2 - 324*d - 10682. Give l(-23).
-56
Let i(f) = -f**3 - 4*f**2 - 98*f - 711. Give i(-6).
-51
Let t(j) = 2*j**3 - 230*j**2 + 904*j + 13. Calculate t(4).
77
Let v(t) = -t**2 - 440*t + 26122. Give v(-493).
-7
Let n(